{"id":5447,"date":"2024-01-19T15:24:18","date_gmt":"2024-01-19T15:24:18","guid":{"rendered":"https:\/\/de.alfasigma.com\/?page_id=5447"},"modified":"2025-10-10T13:28:01","modified_gmt":"2025-10-10T13:28:01","slug":"whistleblowing-system","status":"publish","type":"page","link":"https:\/\/de.alfasigma.com\/?page_id=5447","title":{"rendered":"Whistleblowing-System"},"content":{"rendered":"\t\t<div data-elementor-type=\"wp-page\" data-elementor-id=\"5447\" class=\"elementor elementor-5447\" data-elementor-post-type=\"page\">\n\t\t\t\t\t\t<section data-particle_enable=\"false\" data-particle-mobile-disabled=\"false\" class=\"elementor-section elementor-top-section elementor-element elementor-element-3a7e4bdc elementor-section-stretched elementor-section-height-min-height elementor-section-items-top elementor-section-boxed elementor-section-height-default\" data-id=\"3a7e4bdc\" data-element_type=\"section\" data-e-type=\"section\" data-settings=\"{&quot;stretch_section&quot;:&quot;section-stretched&quot;,&quot;background_background&quot;:&quot;classic&quot;}\">\n\t\t\t\t\t\t<div class=\"elementor-container elementor-column-gap-default\">\n\t\t\t\t\t<div class=\"elementor-column elementor-col-100 elementor-top-column elementor-element elementor-element-5804b10e\" data-id=\"5804b10e\" data-element_type=\"column\" data-e-type=\"column\">\n\t\t\t<div class=\"elementor-widget-wrap elementor-element-populated\">\n\t\t\t\t\t\t<div class=\"elementor-element elementor-element-736ce1a8 text-white font-weight-normal elementor-invisible elementor-widget elementor-widget-heading\" data-id=\"736ce1a8\" data-element_type=\"widget\" data-e-type=\"widget\" data-settings=\"{&quot;_animation&quot;:&quot;slideInLeft&quot;}\" data-widget_type=\"heading.default\">\n\t\t\t\t<div class=\"elementor-widget-container\">\n\t\t\t\t\t<p class=\"elementor-heading-title elementor-size-default\">Unser Unternehmen \/ Ethik und Transparenz \/ Speak Up<\/p>\t\t\t\t<\/div>\n\t\t\t\t<\/div>\n\t\t\t\t<div class=\"elementor-element elementor-element-6a3e184e text-white elementor-invisible elementor-widget elementor-widget-heading\" data-id=\"6a3e184e\" data-element_type=\"widget\" data-e-type=\"widget\" data-settings=\"{&quot;_animation&quot;:&quot;slideInLeft&quot;}\" data-widget_type=\"heading.default\">\n\t\t\t\t<div class=\"elementor-widget-container\">\n\t\t\t\t\t<h1 class=\"elementor-heading-title elementor-size-large\">Speak Up<\/h1>\t\t\t\t<\/div>\n\t\t\t\t<\/div>\n\t\t\t\t\t<\/div>\n\t\t<\/div>\n\t\t\t\t\t<\/div>\n\t\t<\/section>\n\t\t\t\t<section data-particle_enable=\"false\" data-particle-mobile-disabled=\"false\" class=\"elementor-section elementor-top-section elementor-element elementor-element-36dbc87b elementor-section-boxed elementor-section-height-default elementor-section-height-default\" data-id=\"36dbc87b\" data-element_type=\"section\" data-e-type=\"section\">\n\t\t\t\t\t\t<div class=\"elementor-container elementor-column-gap-default\">\n\t\t\t\t\t<div class=\"elementor-column elementor-col-100 elementor-top-column elementor-element elementor-element-1cfcd4fb\" data-id=\"1cfcd4fb\" data-element_type=\"column\" data-e-type=\"column\">\n\t\t\t<div class=\"elementor-widget-wrap elementor-element-populated\">\n\t\t\t\t\t\t<div class=\"elementor-element elementor-element-7d5480cf elementor-widget elementor-widget-text-editor\" data-id=\"7d5480cf\" data-element_type=\"widget\" data-e-type=\"widget\" data-widget_type=\"text-editor.default\">\n\t\t\t\t<div class=\"elementor-widget-container\">\n\t\t\t\t\t\t\t\t\t<p class=\"s3\"><span class=\"s2\">Wir bei <\/span><span class=\"s2\">Alfasigma<\/span><span class=\"s2\"> f\u00f6rdern <\/span><span class=\"s2\">eine Arbeitsatmosph\u00e4re<\/span><span class=\"s2\">, die jeden Einzelnen ermutigt, seine Meinung, Ideen und Bedenken ohne Angst vor Vergeltungsma\u00dfnahmen zu \u00e4u\u00dfern.<\/span><\/p><p class=\"s3\"><span class=\"s2\">Um dies zu unterst\u00fctzen, haben wir ein \"<\/span><span class=\"s2\">Speak<\/span><span class=\"s2\"> Up\" <\/span><span class=\"s2\">Meldes<\/span><span class=\"s2\">ystem eingef\u00fchrt, das es erm\u00f6glicht,<\/span><span class=\"s2\"> auf<\/span><span class=\"s2\"> je<\/span><span class=\"s2\">des Tun oder Unterlassen<\/span> <span class=\"s2\">hinzuweisen, welches<\/span><span class=\"s2\"> entweder gegen Gesetze und Vorschriften oder unseren Globalen Verhaltenskodex verst<\/span><span class=\"s2\">o\u00dfen.<\/span><\/p><p class=\"s3\"><span class=\"s2\">Alle Mitarbeiter (einschlie\u00dflich <\/span><span class=\"s2\">Auszubildende<\/span><span class=\"s2\">, Manager und Direktoren), Unternehmensorgane (wie z.B. die Hauptversammlung, der Vorstand und der Aufsichtsrat) und Dritte, die mit <\/span><span class=\"s2\">Alfasigma<\/span><span class=\"s2\"> zu tun<\/span><span class=\"s2\"> haben<\/span><span class=\"s2\">, k\u00f6nnen Be<\/span><span class=\"s2\">richte<\/span><span class=\"s2\"> einreichen.<\/span><\/p>\t\t\t\t\t\t\t\t<\/div>\n\t\t\t\t<\/div>\n\t\t\t\t\t<\/div>\n\t\t<\/div>\n\t\t\t\t\t<\/div>\n\t\t<\/section>\n\t\t\t\t<section data-particle_enable=\"false\" data-particle-mobile-disabled=\"false\" class=\"elementor-section elementor-top-section elementor-element elementor-element-60d79404 elementor-section-boxed elementor-section-height-default elementor-section-height-default\" data-id=\"60d79404\" data-element_type=\"section\" data-e-type=\"section\">\n\t\t\t\t\t\t<div class=\"elementor-container elementor-column-gap-default\">\n\t\t\t\t\t<div class=\"elementor-column elementor-col-50 elementor-top-column elementor-element elementor-element-4e6336e0\" data-id=\"4e6336e0\" data-element_type=\"column\" data-e-type=\"column\">\n\t\t\t<div class=\"elementor-widget-wrap elementor-element-populated\">\n\t\t\t\t\t\t<div class=\"elementor-element elementor-element-5393c2a elementor-widget elementor-widget-image\" data-id=\"5393c2a\" data-element_type=\"widget\" data-e-type=\"widget\" data-widget_type=\"image.default\">\n\t\t\t\t<div class=\"elementor-widget-container\">\n\t\t\t\t\t\t\t\t\t\t\t\t\t\t\t<img fetchpriority=\"high\" decoding=\"async\" width=\"1500\" height=\"274\" src=\"https:\/\/de.alfasigma.com\/wp-content\/uploads\/2024\/01\/ethicsaline.png\" class=\"attachment-full size-full wp-image-5451\" alt=\"\" srcset=\"https:\/\/de.alfasigma.com\/wp-content\/uploads\/2024\/01\/ethicsaline.png 1500w, https:\/\/de.alfasigma.com\/wp-content\/uploads\/2024\/01\/ethicsaline-300x55.png 300w, https:\/\/de.alfasigma.com\/wp-content\/uploads\/2024\/01\/ethicsaline-1024x187.png 1024w, https:\/\/de.alfasigma.com\/wp-content\/uploads\/2024\/01\/ethicsaline-768x140.png 768w\" sizes=\"(max-width: 1500px) 100vw, 1500px\" \/>\t\t\t\t\t\t\t\t\t\t\t\t\t\t\t<\/div>\n\t\t\t\t<\/div>\n\t\t\t\t\t<\/div>\n\t\t<\/div>\n\t\t\t\t<div class=\"elementor-column elementor-col-50 elementor-top-column elementor-element elementor-element-65b60e3c\" data-id=\"65b60e3c\" data-element_type=\"column\" data-e-type=\"column\">\n\t\t\t<div class=\"elementor-widget-wrap elementor-element-populated\">\n\t\t\t\t\t\t<div class=\"elementor-element elementor-element-66cdd3bc elementor-widget elementor-widget-text-editor\" data-id=\"66cdd3bc\" data-element_type=\"widget\" data-e-type=\"widget\" data-widget_type=\"text-editor.default\">\n\t\t\t\t<div class=\"elementor-widget-container\">\n\t\t\t\t\t\t\t\t\t<p class=\"s3\"><span class=\"s2\">Unser <\/span><span class=\"s2\">prim\u00e4rer<\/span><span class=\"s2\"> Meldekanal ist <\/span><span class=\"s5\"><b>EthicsALine<\/b><\/span><span class=\"s2\">, eine sichere Webplattform, die von einem externen Anbieter verwaltet wird. Die Plattform ist so konzipiert, dass sie entweder schriftliche oder m\u00fcndliche Meldungen entgegennimmt, die auch anonym eingereicht werden k\u00f6nnen. Im Falle einer m\u00fcndlichen Meldung ver\u00e4ndert die Plattform d<\/span><span class=\"s2\">ie Stimme des Berichterstatters<\/span><span class=\"s2\">, so dass sie unkenntlich gemacht wird<\/span><span class=\"s2\">. W<\/span><span class=\"s2\">enn Sie \u00fcber den m\u00fcndlichen Kanal<\/span><span class=\"s2\"> mit der Angabe Ihres Namens<\/span><span class=\"s2\"> berichten m\u00f6chten, <\/span><span class=\"s2\">ist dies ebenfalls m\u00f6glich.<\/span><\/p><p class=\"s3\"><span class=\"s2\">Unabh\u00e4ngig von Ihrer Wahl gew\u00e4hrleisten alle von <\/span><span class=\"s2\">Alfasigma<\/span><span class=\"s2\"> eingesetzten Meldewege die Vertraulichkeit des Meldenden, der gemeldeten Person und des Inhalts der Meldung.<\/span><br \/><span class=\"s2\">Berichte m\u00fcssen in gutem Glauben gemacht werden, pr\u00e4zise und konsistent<\/span><span class=\"s2\"> sein<\/span><span class=\"s2\"> und sich auf \u00fcberpr\u00fcfbare Fakten beziehen.<\/span><\/p>\t\t\t\t\t\t\t\t<\/div>\n\t\t\t\t<\/div>\n\t\t\t\t\t<\/div>\n\t\t<\/div>\n\t\t\t\t\t<\/div>\n\t\t<\/section>\n\t\t\t\t<section data-particle_enable=\"false\" data-particle-mobile-disabled=\"false\" class=\"elementor-section elementor-top-section elementor-element elementor-element-b0a4dd6 elementor-section-boxed elementor-section-height-default elementor-section-height-default\" data-id=\"b0a4dd6\" data-element_type=\"section\" data-e-type=\"section\">\n\t\t\t\t\t\t<div class=\"elementor-container elementor-column-gap-default\">\n\t\t\t\t\t<div class=\"elementor-column elementor-col-100 elementor-top-column elementor-element elementor-element-4f9d688\" data-id=\"4f9d688\" data-element_type=\"column\" data-e-type=\"column\">\n\t\t\t<div class=\"elementor-widget-wrap elementor-element-populated\">\n\t\t\t\t\t\t<div class=\"elementor-element elementor-element-a76c8ca elementor-widget elementor-widget-text-editor\" data-id=\"a76c8ca\" data-element_type=\"widget\" data-e-type=\"widget\" data-widget_type=\"text-editor.default\">\n\t\t\t\t<div class=\"elementor-widget-container\">\n\t\t\t\t\t\t\t\t\t<p class=\"s6\"><span class=\"s2\">Meldungen<\/span><span class=\"s2\"> mit dem folgenden Inhalt werden n<\/span><span class=\"s2\">icht ber\u00fccksichtigt:<\/span><\/p><p class=\"s6\"><span class=\"s2\">Meldungen<\/span><span class=\"s2\"> mit dem folgenden Inhalt werden n<\/span><span class=\"s2\">icht ber\u00fccksichtigt:<\/span><\/p><p class=\"s3\"><span class=\"s7\">- <\/span><span class=\"s2\">Berichte \u00fcber u<\/span><span class=\"s2\">nerw\u00fcnschte Wirkungen im Zusammenhang mit der Einnahme von Arzneimitteln, die von der <\/span><span class=\"s2\">Alfasigma<\/span><span class=\"s2\">-Gruppe vermarktet werden<\/span><span class=\"s2\">. Hierzu <\/span><a href=\"https:\/\/de.alfasigma.com\/?page_id=826\"><span class=\"s8\">Klicken S<\/span><span class=\"s8\">i<\/span><span class=\"s8\">e hier<\/span><\/a><\/p><p class=\"s3\"><span class=\"s2\">- Notfallsituationen, die eine sofortige Reaktion erfordern - Meldungen, die \u00fcber diesen Dienst eingereicht werden, werden m\u00f6glicherweise nicht sofort beantwortet. Wenn Sie in einem Notfall Hilfe ben\u00f6tigen, wenden Sie sich bitte an Ihren \u00f6ffentlichen Notdienst.<\/span><\/p>\t\t\t\t\t\t\t\t<\/div>\n\t\t\t\t<\/div>\n\t\t\t\t\t<\/div>\n\t\t<\/div>\n\t\t\t\t\t<\/div>\n\t\t<\/section>\n\t\t\t\t<section data-particle_enable=\"false\" data-particle-mobile-disabled=\"false\" class=\"elementor-section elementor-top-section elementor-element elementor-element-23e39de4 bg-primary elementor-section-boxed elementor-section-height-default elementor-section-height-default\" data-id=\"23e39de4\" data-element_type=\"section\" data-e-type=\"section\">\n\t\t\t\t\t\t<div class=\"elementor-container elementor-column-gap-default\">\n\t\t\t\t\t<div class=\"elementor-column elementor-col-100 elementor-top-column elementor-element elementor-element-538d95ea elementor-invisible\" data-id=\"538d95ea\" data-element_type=\"column\" data-e-type=\"column\" data-settings=\"{&quot;animation&quot;:&quot;slideInRight&quot;}\">\n\t\t\t<div class=\"elementor-widget-wrap elementor-element-populated\">\n\t\t\t\t\t\t<div class=\"elementor-element elementor-element-4f2294f8 elementor-widget elementor-widget-text-editor\" data-id=\"4f2294f8\" data-element_type=\"widget\" data-e-type=\"widget\" data-widget_type=\"text-editor.default\">\n\t\t\t\t<div class=\"elementor-widget-container\">\n\t\t\t\t\t\t\t\t\t<p class=\"p1\">Klicken Sie hier f\u00fcr die englische Version der<a href=\"https:\/\/de.alfasigma.com\/wp-content\/uploads\/2025\/10\/Global-Speak-Up-Global-Policy-Final-ENG.pdf\"><span class=\"s1\"> Whistleblowing Global Policy<\/span><\/a>.<\/p><p class=\"p1\">Klicken Sie hier, um die Version der <a href=\"https:\/\/de.alfasigma.com\/wp-content\/uploads\/2025\/10\/Speak-Up-Global-Policy-Final-DE.pdf\"><span class=\"s1\">Whistleblowing Global Policy<\/span><\/a> in der \u00f6rtlichen Sprache zu erhalten.<\/p>\t\t\t\t\t\t\t\t<\/div>\n\t\t\t\t<\/div>\n\t\t\t\t<div class=\"elementor-element elementor-element-5cc4d5cd elementor-align-center elementor-widget elementor-widget-button\" data-id=\"5cc4d5cd\" data-element_type=\"widget\" data-e-type=\"widget\" data-widget_type=\"button.default\">\n\t\t\t\t<div class=\"elementor-widget-container\">\n\t\t\t\t\t\t\t\t\t<div class=\"elementor-button-wrapper\">\n\t\t\t\t\t<a class=\"elementor-button elementor-button-link elementor-size-sm\" href=\"https:\/\/digitalroom.bdo.it\/alfasigma\/home.aspx?Lang=DE\" target=\"_blank\">\n\t\t\t\t\t\t<span class=\"elementor-button-content-wrapper\">\n\t\t\t\t\t\t\t\t\t<span class=\"elementor-button-text\">Begeben Sie sich auf die Plattform, indem Sie auf die Schaltfl\u00e4che \u201eEthicsALine\u201c klicken<\/span>\n\t\t\t\t\t<\/span>\n\t\t\t\t\t<\/a>\n\t\t\t\t<\/div>\n\t\t\t\t\t\t\t\t<\/div>\n\t\t\t\t<\/div>\n\t\t\t\t\t<\/div>\n\t\t<\/div>\n\t\t\t\t\t<\/div>\n\t\t<\/section>\n\t\t\t\t<\/div>\n\t\t","protected":false},"excerpt":{"rendered":"<p>Unser Unternehmen \/ Ethik und Transparenz \/ Speak Up Speak Up Wir bei Alfasigma f\u00f6rdern eine Arbeitsatmosph\u00e4re, die jeden Einzelnen ermutigt, seine Meinung, Ideen und Bedenken ohne Angst vor Vergeltungsma\u00dfnahmen zu \u00e4u\u00dfern. Um dies zu unterst\u00fctzen, haben wir ein \"Speak Up\" Meldesystem eingef\u00fchrt, das es erm\u00f6glicht, auf jedes Tun oder Unterlassen hinzuweisen, welches entweder gegen &hellip; <a href=\"https:\/\/de.alfasigma.com\/?page_id=5447\">Continued<\/a><\/p>\n","protected":false},"author":1,"featured_media":5449,"parent":189,"menu_order":0,"comment_status":"closed","ping_status":"closed","template":"","meta":{"_acf_changed":false,"footnotes":""},"class_list":["post-5447","page","type-page","status-publish","has-post-thumbnail","hentry"],"acf":[],"yoast_head":"<!-- This site is optimized with the Yoast SEO plugin v27.3 - https:\/\/yoast.com\/product\/yoast-seo-wordpress\/ -->\n<title>Alfasigma GmbH - Whistleblowing-System<\/title>\n<meta name=\"robots\" content=\"index,follow\" \/>\n<link rel=\"canonical\" href=\"https:\/\/de.alfasigma.com\/?page_id=5447\" \/>\n<meta property=\"og:locale\" content=\"de_DE\" \/>\n<meta property=\"og:type\" content=\"article\" \/>\n<meta property=\"og:title\" content=\"Alfasigma GmbH - Whistleblowing-System\" \/>\n<meta property=\"og:description\" content=\"Unser Unternehmen \/ Ethik und Transparenz \/ Speak Up Speak Up Wir bei Alfasigma f\u00f6rdern eine Arbeitsatmosph\u00e4re, die jeden Einzelnen ermutigt, seine Meinung, Ideen und Bedenken ohne Angst vor Vergeltungsma\u00dfnahmen zu \u00e4u\u00dfern. Um dies zu unterst\u00fctzen, haben wir ein &quot;Speak Up&quot; Meldesystem eingef\u00fchrt, das es erm\u00f6glicht, auf jedes Tun oder Unterlassen hinzuweisen, welches entweder gegen &hellip; Continued\" \/>\n<meta property=\"og:url\" content=\"https:\/\/de.alfasigma.com\/?page_id=5447\" \/>\n<meta property=\"og:site_name\" content=\"Alfasigma GmbH\" \/>\n<meta property=\"article:modified_time\" content=\"2025-10-10T13:28:01+00:00\" \/>\n<meta property=\"og:image\" content=\"https:\/\/de.alfasigma.com\/wp-content\/uploads\/2024\/01\/ethicsaline-cover.jpg\" \/>\n\t<meta property=\"og:image:width\" content=\"2400\" \/>\n\t<meta property=\"og:image:height\" content=\"1372\" \/>\n\t<meta property=\"og:image:type\" content=\"image\/jpeg\" \/>\n<meta name=\"twitter:card\" content=\"summary_large_image\" \/>\n<meta name=\"twitter:label1\" content=\"Gesch\u00e4tzte Lesezeit\" \/>\n\t<meta name=\"twitter:data1\" content=\"2\u00a0Minuten\" \/>\n<script type=\"application\/ld+json\" class=\"yoast-schema-graph\">{\"@context\":\"https:\\\/\\\/schema.org\",\"@graph\":[{\"@type\":\"WebPage\",\"@id\":\"https:\\\/\\\/de.alfasigma.com\\\/?page_id=5447\",\"url\":\"https:\\\/\\\/de.alfasigma.com\\\/?page_id=5447\",\"name\":\"Alfasigma GmbH - Whistleblowing-System\",\"isPartOf\":{\"@id\":\"https:\\\/\\\/de.alfasigma.com\\\/#website\"},\"primaryImageOfPage\":{\"@id\":\"https:\\\/\\\/de.alfasigma.com\\\/?page_id=5447#primaryimage\"},\"image\":{\"@id\":\"https:\\\/\\\/de.alfasigma.com\\\/?page_id=5447#primaryimage\"},\"thumbnailUrl\":\"https:\\\/\\\/de.alfasigma.com\\\/wp-content\\\/uploads\\\/2024\\\/01\\\/ethicsaline-cover.jpg\",\"datePublished\":\"2024-01-19T15:24:18+00:00\",\"dateModified\":\"2025-10-10T13:28:01+00:00\",\"breadcrumb\":{\"@id\":\"https:\\\/\\\/de.alfasigma.com\\\/?page_id=5447#breadcrumb\"},\"inLanguage\":\"de\",\"potentialAction\":[{\"@type\":\"ReadAction\",\"target\":[\"https:\\\/\\\/de.alfasigma.com\\\/?page_id=5447\"]}]},{\"@type\":\"ImageObject\",\"inLanguage\":\"de\",\"@id\":\"https:\\\/\\\/de.alfasigma.com\\\/?page_id=5447#primaryimage\",\"url\":\"https:\\\/\\\/de.alfasigma.com\\\/wp-content\\\/uploads\\\/2024\\\/01\\\/ethicsaline-cover.jpg\",\"contentUrl\":\"https:\\\/\\\/de.alfasigma.com\\\/wp-content\\\/uploads\\\/2024\\\/01\\\/ethicsaline-cover.jpg\",\"width\":2400,\"height\":1372},{\"@type\":\"BreadcrumbList\",\"@id\":\"https:\\\/\\\/de.alfasigma.com\\\/?page_id=5447#breadcrumb\",\"itemListElement\":[{\"@type\":\"ListItem\",\"position\":1,\"name\":\"Home\",\"item\":\"https:\\\/\\\/de.alfasigma.com\\\/\"},{\"@type\":\"ListItem\",\"position\":2,\"name\":\"Unser Unternehmen\",\"item\":\"https:\\\/\\\/de.alfasigma.com\\\/?page_id=104\"},{\"@type\":\"ListItem\",\"position\":3,\"name\":\"Ethik und Transparenz\",\"item\":\"https:\\\/\\\/de.alfasigma.com\\\/?page_id=189\"},{\"@type\":\"ListItem\",\"position\":4,\"name\":\"Whistleblowing-System\"}]},{\"@type\":\"WebSite\",\"@id\":\"https:\\\/\\\/de.alfasigma.com\\\/#website\",\"url\":\"https:\\\/\\\/de.alfasigma.com\\\/\",\"name\":\"Alfasigma GmbH\",\"description\":\"Pharmaceuticals with passion\",\"potentialAction\":[{\"@type\":\"SearchAction\",\"target\":{\"@type\":\"EntryPoint\",\"urlTemplate\":\"https:\\\/\\\/de.alfasigma.com\\\/?s={search_term_string}\"},\"query-input\":{\"@type\":\"PropertyValueSpecification\",\"valueRequired\":true,\"valueName\":\"search_term_string\"}}],\"inLanguage\":\"de\"}]}<\/script>\n<!-- \/ Yoast SEO plugin. -->","yoast_head_json":{"title":"Alfasigma GmbH - Whistleblowing-System","robots":{"index,follow":"index,follow"},"canonical":"https:\/\/de.alfasigma.com\/?page_id=5447","og_locale":"de_DE","og_type":"article","og_title":"Alfasigma GmbH - Whistleblowing-System","og_description":"Unser Unternehmen \/ Ethik und Transparenz \/ Speak Up Speak Up Wir bei Alfasigma f\u00f6rdern eine Arbeitsatmosph\u00e4re, die jeden Einzelnen ermutigt, seine Meinung, Ideen und Bedenken ohne Angst vor Vergeltungsma\u00dfnahmen zu \u00e4u\u00dfern. Um dies zu unterst\u00fctzen, haben wir ein \"Speak Up\" Meldesystem eingef\u00fchrt, das es erm\u00f6glicht, auf jedes Tun oder Unterlassen hinzuweisen, welches entweder gegen &hellip; Continued","og_url":"https:\/\/de.alfasigma.com\/?page_id=5447","og_site_name":"Alfasigma GmbH","article_modified_time":"2025-10-10T13:28:01+00:00","og_image":[{"width":2400,"height":1372,"url":"https:\/\/de.alfasigma.com\/wp-content\/uploads\/2024\/01\/ethicsaline-cover.jpg","type":"image\/jpeg"}],"twitter_card":"summary_large_image","twitter_misc":{"Gesch\u00e4tzte Lesezeit":"2\u00a0Minuten"},"schema":{"@context":"https:\/\/schema.org","@graph":[{"@type":"WebPage","@id":"https:\/\/de.alfasigma.com\/?page_id=5447","url":"https:\/\/de.alfasigma.com\/?page_id=5447","name":"Alfasigma GmbH - Whistleblowing-System","isPartOf":{"@id":"https:\/\/de.alfasigma.com\/#website"},"primaryImageOfPage":{"@id":"https:\/\/de.alfasigma.com\/?page_id=5447#primaryimage"},"image":{"@id":"https:\/\/de.alfasigma.com\/?page_id=5447#primaryimage"},"thumbnailUrl":"https:\/\/de.alfasigma.com\/wp-content\/uploads\/2024\/01\/ethicsaline-cover.jpg","datePublished":"2024-01-19T15:24:18+00:00","dateModified":"2025-10-10T13:28:01+00:00","breadcrumb":{"@id":"https:\/\/de.alfasigma.com\/?page_id=5447#breadcrumb"},"inLanguage":"de","potentialAction":[{"@type":"ReadAction","target":["https:\/\/de.alfasigma.com\/?page_id=5447"]}]},{"@type":"ImageObject","inLanguage":"de","@id":"https:\/\/de.alfasigma.com\/?page_id=5447#primaryimage","url":"https:\/\/de.alfasigma.com\/wp-content\/uploads\/2024\/01\/ethicsaline-cover.jpg","contentUrl":"https:\/\/de.alfasigma.com\/wp-content\/uploads\/2024\/01\/ethicsaline-cover.jpg","width":2400,"height":1372},{"@type":"BreadcrumbList","@id":"https:\/\/de.alfasigma.com\/?page_id=5447#breadcrumb","itemListElement":[{"@type":"ListItem","position":1,"name":"Home","item":"https:\/\/de.alfasigma.com\/"},{"@type":"ListItem","position":2,"name":"Unser Unternehmen","item":"https:\/\/de.alfasigma.com\/?page_id=104"},{"@type":"ListItem","position":3,"name":"Ethik und Transparenz","item":"https:\/\/de.alfasigma.com\/?page_id=189"},{"@type":"ListItem","position":4,"name":"Whistleblowing-System"}]},{"@type":"WebSite","@id":"https:\/\/de.alfasigma.com\/#website","url":"https:\/\/de.alfasigma.com\/","name":"Alfasigma GmbH","description":"Pharmaceuticals with passion","potentialAction":[{"@type":"SearchAction","target":{"@type":"EntryPoint","urlTemplate":"https:\/\/de.alfasigma.com\/?s={search_term_string}"},"query-input":{"@type":"PropertyValueSpecification","valueRequired":true,"valueName":"search_term_string"}}],"inLanguage":"de"}]}},"_links":{"self":[{"href":"https:\/\/de.alfasigma.com\/index.php?rest_route=\/wp\/v2\/pages\/5447","targetHints":{"allow":["GET"]}}],"collection":[{"href":"https:\/\/de.alfasigma.com\/index.php?rest_route=\/wp\/v2\/pages"}],"about":[{"href":"https:\/\/de.alfasigma.com\/index.php?rest_route=\/wp\/v2\/types\/page"}],"author":[{"embeddable":true,"href":"https:\/\/de.alfasigma.com\/index.php?rest_route=\/wp\/v2\/users\/1"}],"replies":[{"embeddable":true,"href":"https:\/\/de.alfasigma.com\/index.php?rest_route=%2Fwp%2Fv2%2Fcomments&post=5447"}],"version-history":[{"count":6,"href":"https:\/\/de.alfasigma.com\/index.php?rest_route=\/wp\/v2\/pages\/5447\/revisions"}],"predecessor-version":[{"id":5546,"href":"https:\/\/de.alfasigma.com\/index.php?rest_route=\/wp\/v2\/pages\/5447\/revisions\/5546"}],"up":[{"embeddable":true,"href":"https:\/\/de.alfasigma.com\/index.php?rest_route=\/wp\/v2\/pages\/189"}],"wp:featuredmedia":[{"embeddable":true,"href":"https:\/\/de.alfasigma.com\/index.php?rest_route=\/wp\/v2\/media\/5449"}],"wp:attachment":[{"href":"https:\/\/de.alfasigma.com\/index.php?rest_route=%2Fwp%2Fv2%2Fmedia&parent=5447"}],"curies":[{"name":"wp","href":"https:\/\/api.w.org\/{rel}","templated":true}]}}